= -i. Let t = i + 102. What is the highest common factor of t and 10?
10
Let u be 0/7 + (2 - -2). Let v(m) = 11*m - 22. Let x be v(u). What is the highest common divisor of 352 and x?
22
Let h(q) = -2*q - 11. Let g be h(-13). Let w = -902 + 912. What is the highest common factor of w and g?
5
Let o be (-236)/(-5) + (-19)/(-5) + -3. Calculate the highest common divisor of 272 and o.
16
Let z = -314 + 203. Let a = 116 + z. What is the greatest common divisor of 1 and a?
1
Suppose -103 = -i + 37. Let q be 27 - (-3 - -4) - -2. Calculate the greatest common factor of i and q.
28
Suppose -6*s + 78 = -3*s. Suppose s*d + 12 = 30*d. Let n = 92 - 65. Calculate the highest common divisor of n and d.
3
Let w = 4 - 2. Let q be 80/24*(-2)/(-10)*36. Suppose -5*h + 4*r = 10, -h = -3*h - 4*r + q. Calculate the highest common factor of h and w.
2
Let g be (0 + -10)/(62/(-93)). What is the greatest common factor of 15 and g?
15
Let y = 3 - -2. Let j be (96/(-64))/(0 + 1/(-30)). Calculate the greatest common factor of y and j.
5
Suppose 534 - 34 = 4*a. What is the highest common divisor of a and 5?
5
Let n be 6 + 0 - (-1)/(-1). Let v = -27 + -19. Let l = -44 - v. Calculate the greatest common factor of n and l.
1
Let d = -22 - -372. Calculate the greatest common divisor of 98 and d.
14
Let w = 326 + -314. What is the highest common factor of 8 and w?
4
Let u(x) = -x**3 + 8*x**2 + 4*x + 36. Let q be u(8). What is the greatest common factor of 2 and q?
2
Let d(b) = -b**3 + 36*b**2 + 2*b - 16. Let i be d(36). Calculate the greatest common factor of i and 70.
14
Let t = 2343 + -1426. What is the highest common divisor of 7 and t?
7
Let s = 12 - -5. Let g be (51 - 0)*33/9. What is the greatest common divisor of g and s?
17
Suppose 0 = -5*b - 0*b. Suppose 0 = x - b - 30. Calculate the greatest common divisor of x and 6.
6
Let o be 62 - -4*(-4)/(-8). Suppose 9*x - o = x. What is the greatest common divisor of 56 and x?
8
Let g be ((-32)/(-6))/(-5*(-9)/9990). Calculate the greatest common factor of g and 32.
32
Let h(t) = -30*t - 262. Let i be h(-10). What is the highest common factor of i and 418?
38
Let k be (-395)/(-11) - 64/(-704). Calculate the greatest common factor of 576 and k.
36
Let c = 246 - 217. What is the greatest common divisor of c and 174?
29
Suppose 194 - 173 = r. Suppose 214 = 5*g + 2*l, 2*g + 2*g = -2*l + 172. What is the greatest common divisor of g and r?
21
Suppose -6*y + 7*y = 247. Suppose 2*n - y = 61. What is the greatest common divisor of 14 and n?
14
Let r(a) be the first derivative of 9/2*a**2 - 2 + 2/3*a**3 - 9*a. Let v be r(-7). What is the greatest common factor of v and 13?
13
Let n be 2493 + ((42 + -7)/(-7) - 0). What is the greatest common divisor of n and 8?
8
Let k = 781 - 643. What is the highest common factor of 12 and k?
6
Suppose 0 = -5*v + 3*f + 562, -f = 3*v + 4*f - 310. Let k = -97 - -141. Calculate the greatest common factor of k and v.
22
Let i = -15 - -17. Suppose -i*q + 3*t = -167, 5*q + t = 2*q + 245. Calculate the greatest common divisor of 205 and q.
41
Let n(t) be the first derivative of t**3 + 5*t**2/2 - t - 5. Let d be n(-5). Calculate the highest common divisor of 7 and d.
7
Let o(z) = -5*z**2 - z - 4. Let f be o(-2). Let w = f + 30. Let i be 62 - (w/(-4) + -2). Calculate the greatest common factor of 22 and i.
22
Suppose 12*f - 8*f = 20. Calculate the highest common divisor of 10 and f.
5
Suppose -23*b + 73*b = 38700. What is the greatest common divisor of 86 and b?
86
Let r(h) = -3*h - 5. Let p be r(-8). Let j(d) = -5*d - 6. Let i = -8 - -3. Let u be j(i). Calculate the highest common divisor of p and u.
19
Let q be ((-2 - -1)/5)/(1/(-95)). Let x(l) = -3*l - 2*l - 6 + l**3 - 3*l**2 + 0*l**3. Let w be x(5). Calculate the greatest common divisor of q and w.
19
Let h be (2 + 4)*(-6)/(-4). Suppose -4 = -5*v + 3*v. Let r be (48/12)/(v/3). Calculate the greatest common divisor of r and h.
3
Let s be ((-69)/(-4))/(15/40). Suppose -2*m + 69 = m + 5*z, 0 = -2*m + 2*z + s. Suppose -2*c + m = -3. What is the greatest common factor of c and 143?
13
Let c = -26 + 53. Calculate the greatest common factor of c and 351.
27
Let a = 198 + 88. What is the greatest common divisor of a and 66?
22
Let w be 28/6*(-30)/(-7). Calculate the greatest common divisor of 90 and w.
10
Suppose -19 = -3*n + 38. Calculate the highest common factor of 247 and n.
19
Suppose -3*m + n + 7 = -102, -m = n - 43. Suppose -3*o + m + 79 = 0. Let a = o - 17. Calculate the highest common factor of 33 and a.
11
Let l = -130 + 176. What is the highest common factor of l and 529?
23
Suppose -5*p + r = -415, 4*p + r = -r + 346. Let i(h) = h**2 + 6*h + 11. Let b be i(-5). What is the highest common divisor of b and p?
6
Let d = 185 + -131. What is the greatest common factor of d and 378?
54
Let r be (-8)/32 + -2*(-1313)/8. What is the greatest common factor of r and 41?
41
Let x = 29 + -18. Suppose 6*o = o + 4*f + x, 5*o - 19 = -4*f. Suppose -o*v + v + 62 = 0. Calculate the greatest common factor of v and 217.
31
Suppose -28 = -c + 6*c - 2*n, n - 16 = 3*c. Let v = 8 + c. Suppose 3*p + 2*b + 0*b = 52, -66 = -v*p - b. What is the greatest common factor of p and 24?
8
Suppose -15 = -3*j + 4*w, -j - 3*j + 10 = -2*w. Let p = 4 + j. Suppose p*i = 3*i + 2*k + 20, -2*i + 5*k = -23. Calculate the highest common factor of i and 9.
9
Suppose -2*l - 13 = 3*k, 4*k = -2*l - 2 - 16. Suppose -15 = -2*x + 7*x. Let f be (-1)/x + 20/3. What is the greatest common factor of l and f?
1
Let c = -31 - -60. Let t = 35 + 52. What is the greatest common divisor of t and c?
29
Let k = -29 - -17. Let l be (k/8)/(6/(-68)). Suppose l + 11 = 4*c. Calculate the highest common divisor of 77 and c.
7
Let x(h) be the first derivative of -h**4/4 - 11*h**3/3 - 25*h**2/2 - 2*h + 20. Let n be x(-8). Calculate the highest common divisor of n and 3.
3
Let s(o) = -6*o**3 + 4*o**2 - o + 4. Let q be s(3). Let i be q/(-10)*12/2. What is the highest common divisor of i and 25?
25
Let w = -11 - 1. Let k = 36 - w. Calculate the greatest common divisor of k and 6.
6
Suppose 37*m - 38*m + 60 = 0. What is the highest common divisor of m and 480?
60
Suppose -2 = -n + 10. Let v(l) = 3*l - 11. Let h be v(8). Let m be h + -10 - 90/(-2). Calculate the greatest common factor of m and n.
12
Let f = -183 - -190. Let q = 16 - 9. Calculate the greatest common factor of f and q.
7
Suppose -6*n + 8*n = 4. Suppose -n*x + 33 = 3*r, 3*r + 3*x - 5 = 31. What is the highest common divisor of 9 and r?
9
Suppose 297 = l + 5*y, 2*l + 5*y = 159 + 410. Calculate the greatest common factor of l and 17.
17
Suppose 0 = 2*t - 5*f, 11*t + f - 12 = 9*t. Calculate the highest common divisor of t and 45.
5
Suppose -34*q + 1248 = -32*q + 4*w, w = 5*q - 3120. Calculate the greatest common divisor of 48 and q.
48
Suppose 3*y = 6*y. Suppose y = 11*x - 8*x. Suppose x = 5*d - 10, 0*r = -r - 2*d + 5. Calculate the highest common divisor of 11 and r.
1
Suppose 11*l = 8*l + 8*a + 6, 5*a - 120 = -5*l. Suppose 0 = -3*g + 8 + 46. What is the highest common divisor of g and l?
18
Suppose 0 = -5*d - 2*q - 82 + 564, -3*d + 310 = -4*q. Let p = 39 + -25. Calculate the highest common factor of d and p.
14
Let f = 27 - -93. Let y be (-6)/(-2) + (11 - 2). Calculate the greatest common factor of y and f.
12
Let u = 98 - -1077. What is the greatest common factor of u and 50?
25
Suppose -3*c + 5*d = 7, -c - 7 = 5*d - 2*d. Let i be (-32)/(-2) + c/2*1. Calculate the highest common divisor of 42 and i.
14
Let o = -347 + 463. What is the highest common factor of o and 58?
58
Let y(x) = 3*x**2 - 3*x - 33. Let w be y(8). What is the greatest common divisor of 15 and w?
15
Let v(z) = -2*z**3 - 15*z**2 + 8*z + 28. Let i be v(-8). What is the highest common factor of i and 476?
28
Suppose 20*u - 882 = 18. Calculate the greatest common divisor of u and 495.
45
Let d(t) = 5*t**2 + 2*t - 1. Let l be d(1). Suppose 5*r - 41 = -2*s, -r + 0 = -4*s + 5. Suppose 21 = r*h - l*h. What is the greatest common divisor of h and 7?
7
Let m be ((-56)/(-21))/(4/(-546)). Let z be m/(-21) + (-6)/(-9). Calculate the greatest common factor of z and 45.
9
Let l = 291 - 273. What is the highest common factor of l and 90?
18
Let n(p) = 20*p**2 + 8*p - 1. Let v be n(3). Calculate the greatest com